r when n(j) is divided by w?
9
What is the remainder when 13*((-44)/(-198) + (-34)/(-9)) is divided by 50?
2
Let f be (2/6)/((-1)/(-3)). Calculate the remainder when 7 is divided by (-58)/(-14) - (f - 18/21).
3
Suppose -3963 = -7*j - 3823. Let a be 3/(-9) - (-260)/6. Suppose a = w - 35. Calculate the remainder when w is divided by j.
18
Let w be 33/77 + 232/14. Suppose -2*q + w = 3. Calculate the remainder when 27 is divided by q.
6
Let y(v) = v**3 - 3*v**2 + 5*v - 9. Calculate the remainder when y(4) is divided by 15.
12
Suppose 27 = -0*a + 3*a - 3*n, 35 = 5*a + 5*n. Calculate the remainder when (-30*28/(-630))/(55/(-57) + 1) is divided by a.
6
Suppose 4*m - 235 = -m. What is the remainder when m is divided by (2/(-2 - 0))/(2/(-14))?
5
Let j(f) = -13*f**3 + f**2 - f + 2. Let r be j(-2). Suppose -r = -5*c + o + 113, 0 = c + 3*o - 61. What is the remainder when c is divided by 12?
10
Suppose n = 7*n - 12. Suppose -4*g + 520 = -4*p, -n*g + 3*p + 313 = 50. What is the remainder when g is divided by 26?
23
Suppose -2*h + 192 = 4*a, -2*a + 0*h + 90 = 4*h. Calculate the remainder when a is divided by 1/(1 - (-24)/(-25)).
24
Let l(g) = 15*g + 461. What is the remainder when 16 is divided by l(-30)?
5
Let g(f) = f**3 - f**2 - 3*f + 2. Calculate the remainder when g(3) is divided by (1/(-3))/(159/54 + -3).
5
Let d = -44 - -52. What is the remainder when 47 is divided by d?
7
What is the remainder when ((-81)/18)/(-3)*228/9 is divided by 13?
12
Let s be 59 - -1 - 8/2. Calculate the remainder when 54 is divided by ((-5)/(-10))/(-2 - (-114)/s).
12
Let c be 0/(1 - (0 - -2)). Suppose 3 = -2*j + 5, 2*u + 5*j - 37 = c. Calculate the remainder when 40 + 0 - -4 - -2 is divided by u.
14
Suppose 5*r + b - 622 = 3*b, 623 = 5*r - 3*b. Suppose -5*s - 3*i = -4*i - r, -5*s = 4*i - 104. Calculate the remainder when 70 is divided by s.
22
Let x be (-2)/11 - 52/(-44). What is the remainder when 118 is divided by (-27)/x*-1 + 3?
28
Suppose 0 = 5*h - 5*o - 1137 - 2658, 2*h - 4*o = 1508. Calculate the remainder when h is divided by 9.
8
Let w = -41 - -57. Suppose 0 = f - 3*r - 21 + 5, -2*f - r = -67. Calculate the remainder when f is divided by w.
15
Suppose 122 = 4*h + 14. What is the remainder when 237 is divided by h?
21
Let k = 1601 - 1425. Calculate the remainder when k is divided by 32.
16
Let l be (1 - 3)*(-34)/(-4). Let j = l - -42. What is the remainder when j is divided by 15?
10
Let n be -2 + 8 - (0 - -3). Suppose 2*x + 35 = n*x. Let y = 39 + -20. Calculate the remainder when x is divided by y.
16
Suppose 0*v = 8*v + v. Suppose -3*w + 37 = -65. Suppose v = 2*k - w - 44. What is the remainder when k is divided by 20?
19
Suppose -2*a - 188 = -4*b, -5*b = 5*a - 416 + 166. What is the remainder when b is divided by 24?
0
Suppose 0 = -t + 5*f + 38, -f = 3*t - 2*f - 114. Suppose 35*n - 5*l = 31*n + 13, l = -2*n + 3. What is the remainder when t is divided by n?
0
Let b = -21 + 56. Let r = b + -22. Let t = r - 1. What is the remainder when 35 is divided by t?
11
Let g = -4 - -4. Suppose 44 = -g*w + 2*w. Calculate the remainder when (14/(-21))/((-3)/(387/1)) is divided by w.
20
Let p = 42 + -28. What is the remainder when 113/3 + 1/3 is divided by p?
10
Suppose 8*t - 296 + 80 = 0. Let h(r) = 6*r - 2. What is the remainder when t is divided by h(2)?
7
Suppose -2*m - 4*w + 104 = 0, -m - 4*w = -18 - 40. Let p = 21 - 12. Suppose 57 - p = 4*g. Calculate the remainder when m is divided by g.
10
Let b(x) = 20*x**3 + 2*x**2 - x. Let t(y) = y + 2. Let q be t(-12). Let m = q - -11. Calculate the remainder when 39 is divided by b(m).
18
Suppose 11*f - 5*f - 12 = 0. Suppose -12*l + f*l = -420. Calculate the remainder when l is divided by 24.
18
Let x(z) = -z**2 + 12*z + 19. Let v be x(13). Suppose v*y - 3*y = 87. Calculate the remainder when y is divided by 17.
12
Suppose 0 = 4*h + 5*c - 3 - 22, -5*h = 2*c - 27. Let y = h + 16. Calculate the remainder when 82 is divided by y.
19
Suppose -3*l - 3*l + 54 = 0. Let w(m) = 6*m**3 - 3*m**2 - 2*m - 4. Calculate the remainder when w(2) is divided by l.
1
What is the remainder when 2205/(-294)*((-6)/5 + 0) is divided by 5?
4
Let u = -32 + 32. Suppose 0 = 2*a + a + 3*b - 93, a - 3*b - 19 = u. What is the remainder when 82 is divided by a?
26
Let p(m) = m - 2. Let b be p(0). Let o be (-2 - b) + 5 + -2. Suppose -3*j + j - o*s + 20 = 0, -3 = j - 5*s. What is the remainder when 12 is divided by j?
5
Let w(l) = -l**3 - 18*l**2 + 2*l + 38. What is the remainder when 14 is divided by w(-18)?
0
What is the remainder when (-3720)/(-10)*(-3)/(-9) is divided by 55?
14
Suppose 3*d = -6*d + 459. Suppose -6*t + 15 = -d. Suppose 4*s - 122 = r, -s - 3*r + 68 = s. Calculate the remainder when s is divided by t.
9
Let o = 41 - 44. Calculate the remainder when 64 is divided by 2/9*-3*(o + -30).
20
Let l = 1719 - 1651. Calculate the remainder when 224 is divided by l.
20
Let v be (-96 - -2) + (1 - 3). What is the remainder when v/(-10) - (-6)/15 is divided by (552/(-345))/(4/(-10))?
2
Let n = 236 - 220. Calculate the remainder when n is divided by 16.
0
What is the remainder when 201 is divided by ((-40)/(-180))/(4/360)?
1
Let h = 266 + -256. What is the remainder when 17 is divided by h?
7
Let i(b) = 3*b + 46. What is the remainder when 74 is divided by i(9)?
1
What is the remainder when -6 - (-6 - (-364)/(-7)) is divided by 28?
24
Let l be (150/(-9))/((-4)/12). Calculate the remainder when (l/(-3)*-3)/2 is divided by 7.
4
Suppose -20*l = -29*l + 459. Calculate the remainder when 101 is divided by l.
50
Let n(v) = -v**2 + 19*v + 11. Let o = 44 - 27. Calculate the remainder when n(17) is divided by o.
11
Let n(d) = 4*d - 19. Suppose -3*a = -7*a + 12. Let l be (-2 - 1)*-1*a. What is the remainder when n(l) is divided by 10?
7
Let t(j) = 15*j**2 + 2. Suppose -8*b + 4*b - 168 = 0. What is the remainder when t(2) is divided by b*2/4*-1?
20
Suppose -73*t - 2152 = -81*t. Calculate the remainder when t is divided by 44.
5
Let y = -8 + 9. Suppose 0 = 1241*h - 1250*h + 18. Calculate the remainder when h is divided by y.
0
Suppose 0 = 8*x + 3*t - 34, 0 = 4*x + 3*t + t - 12. Calculate the remainder when 105 is divided by x.
0
Let x = -91 - -68. Let w = -18 - x. Calculate the remainder when 14 is divided by w.
4
Let m(t) be the first derivative of 11*t**4/4 + t - 318. Let q(f) = f**2 + 1. Let b be q(0). Calculate the remainder when m(b) is divided by 5.
2
Let q = 21 + 3. Calculate the remainder when 57 is divided by 1*(-5)/(-3 - q/(-9)).
12
Suppose 5*a - 7*a + 26 = 0. Let c = a + -5. Calculate the remainder when (-6)/(-2) + 1*25 is divided by c.
4
Let y(o) be the third derivative of 0*o + 8/3*o**3 + 17/24*o**4 + 0 - o**2 + 1/60*o**5. Calculate the remainder when 29 is divided by y(-17).
13
Suppose -97 = -5*x + 5*k - 17, -3*k + 12 = 2*x. Suppose -2*h + 0*h + x = 0. What is the remainder when (27 - -3)*9/h is divided by 12?
9
Let s(g) be the third derivative of -g**6/120 - 13*g**5/60 + 11*g**4/24 - 17*g**3/6 - 8*g**2. What is the remainder when s(-14) is divided by 9?
7
Let w(n) = -n**3 - 6*n**2 + 2*n. Let d be w(-7). Let u = d - 4. Calculate the remainder when u is divided by 19.
12
Suppose 0 = 4*w - 67 + 19. Suppose 5*x = -5*y + 185, -5*x + 0*y - y = -169. Calculate the remainder when x is divided by w.
9
Suppose 0 = -2*q + 4*m + 156, -5*q + 134 + 250 = -4*m. Calculate the remainder when q is divided by 26.
24
Let o = 14 + -5. Let m = 11 - o. Let j(i) = 6*i**2 - 3*i + 3. Calculate the remainder when j(m) is divided by 11.
10
Calculate the remainder when 728/(-4 + 8) - 3 is divided by 49.
32
Suppose 2*b - 15 = t, -5*b + 20 = -3*b - 2*t. Suppose -18*c + 17*c + b = 0. Calculate the remainder when 16 is divided by c.
1
Suppose 18 = 4*a - 26. Let v = 6 - -1. Suppose -i = 3 - v. What is the remainder when a is divided by i?
3
Suppose 0 = -14*f + 25*f - 286. What is the remainder when 63 is divided by f?
11
Let w(d) = 63*d**3 - d + 1. Calculate the remainder when w(1) is divided by 22 + (-5)/(-1 + 2) + 5.
19
Suppose -197*k - 170*k + 136*k = -13167. Let r(d) = 25*d**2 - 2*d + 3. Calculate the remainder when r(3) is divided by k.
51
Calculate the remainder when 527 is divided by (-6)/(-81) + 19558/594.
32
Let a(f) = 19*f**2 - 3*f - 3. What is the remainder when 48 is divided by